a) = 11*a**3 - 27*a**2 + 7*a + 3. Let l be g(3). What is the greatest common factor of l and 18?
6
Let n(v) = -10*v**3 + 1. Let x be n(-2). Suppose 8*d - x = 15. Suppose g - 22 - d = 0. Calculate the greatest common divisor of 51 and g.
17
Suppose 4*s + 2*r = 2638, r = -8*s + 11*s - 1966. Calculate the highest common divisor of s and 1679.
73
Let z(x) = -971*x + 931. Let b be z(-2). What is the greatest common factor of 51 and b?
17
Let v = -65227 + 65344. Suppose 2*q = -q + 24. Let i be (-2)/q - (-106)/8. Calculate the highest common divisor of v and i.
13
Suppose -6 - 3 = -3*p. Let g = -124 - -130. Suppose -k - 5*y = g + 8, -1 = 2*k + y. What is the greatest common divisor of p and k?
1
Let s(d) = -2*d**2 + 38*d - 23. Let u be s(11). Let c = u + -69. Calculate the greatest common divisor of 48 and c.
12
Let w = 61 + -157. Let u = -47 - w. Calculate the greatest common divisor of u and 28.
7
Let x = -168 + 228. Suppose -3*y - x = -13*y. Calculate the highest common divisor of y and 9.
3
Let t(w) = -10*w**2 - 96*w + 6. Let i be t(-9). Let d = 147 - 102. Suppose 0*p = p - d. Calculate the highest common factor of i and p.
15
Let p = 2807 + -2769. Calculate the highest common factor of 38 and p.
38
Let t be 41/8 - (99/24 + -4). Suppose 0 = -t*r, -4*h - 4*r = -3*h - 171. What is the greatest common factor of 19 and h?
19
Let j = -57 + 58. Let d = 16 + -14. Suppose -3*t - 5*x + 52 = 0, -2*t - d*x = -20 - 8. Calculate the greatest common factor of j and t.
1
Let v = -268 - -401. Suppose -v = -11*l - 34. What is the greatest common factor of 2 and l?
1
Let b be 375 - 1 - (-4 + 2). Let k = 423 - b. What is the highest common factor of 329 and k?
47
Suppose 0 = 4*l - 2*l - 196. Let z = -49 + l. Let d = 3 + z. What is the highest common divisor of 13 and d?
13
Suppose -57 = -12*i + 51. Let k(p) = -15 + 7*p - 8 - 24 - 2. Let q be k(i). What is the greatest common divisor of q and 112?
14
Let j(k) = 2*k**3 - 10*k**2 + 2*k - 8. Let a be j(5). Let l(y) = 9*y - 7. Let r be l(a). Calculate the greatest common factor of r and 77.
11
Let v be (217/(-21) + -1)*9*-90. What is the greatest common divisor of 680 and v?
340
Suppose c = -0*f - 2*f + 66, 5*c - 338 = -2*f. Calculate the greatest common factor of c and 14.
2
Let r(m) = m. Let q(u) = 8*u - 118. Let b(o) = -q(o) + 3*r(o). Let n be b(16). Let a = -109 + 185. What is the highest common divisor of a and n?
38
Let g = 3131 + -3121. Let c = 17 + -14. Suppose -r - c*r = -120. Calculate the greatest common divisor of r and g.
10
Suppose 48*w = -z + 45*w + 3653, -2*z + 7286 = 2*w. What is the highest common factor of 68 and z?
34
Suppose 3*n = 4*c - 48 - 143, -2*c + 93 = -n. Let g be (-10 - (-272)/24)*627. Calculate the greatest common divisor of g and c.
44
Let v = -35504 + 35790. Calculate the highest common factor of v and 117.
13
Suppose g - 252 = -76. Suppose g*f - 179*f = -72. What is the highest common divisor of 168 and f?
24
Let a(d) = 219*d - 701. Let p be a(50). Calculate the highest common factor of 185 and p.
37
Let f = -80 - -88. Suppose -3*l + 2*i - 788 = -f*l, -784 = -5*l - i. Let b be 10 - -1 - (10 - 11). Calculate the greatest common divisor of l and b.
12
Suppose -5779 = -14*i - 3*i + 6971. Calculate the greatest common factor of i and 950.
50
Let a(y) be the second derivative of y**3/3 + 17*y**2 - 29*y. Let l be a(-10). Let g be 1000/70 - 4/l. What is the highest common divisor of g and 14?
14
Let y = 169 - 150. Suppose 6*s - y = -7. Calculate the highest common divisor of s and 18.
2
Let s be -4 - ((0 - (-2217)/(-27)) + 18/162). Let w(y) = -7*y - 4. Let h be w(-8). Calculate the highest common divisor of h and s.
26
Suppose -9*s - 25 = -10*s. Let w(b) = 56*b**2 - 15*b + 16. Let g be w(3). Calculate the highest common factor of s and g.
25
Let m(s) = s**3 - 50*s**2 - 155*s + 88. Let d be m(53). What is the highest common divisor of 72 and d?
12
Let a(f) = 118*f**2 - 98*f - 200. Let s be a(-2). Calculate the highest common divisor of s and 2223.
117
Let t = -384 + 648. Suppose 38 = 266*m - t*m. Let h be 2*-1 + 78/1. What is the highest common factor of m and h?
19
Let l be (5 + -8 - (-21)/9)*(-659 + 2). Calculate the greatest common divisor of 1095 and l.
219
Let q be (-52)/(-39)*-7*(-4290)/35. What is the highest common divisor of 611 and q?
13
Let z = 7741 + -7216. Calculate the highest common divisor of 325 and z.
25
Let p be (-53 + (-10240)/(-192))/((-3)/(-126)). Suppose 26 = n - 3*f, n + 2 = -3*f + 4. What is the highest common factor of p and n?
14
Let l(z) = 338*z - 947. Let w be l(7). Calculate the greatest common factor of w and 33.
33
Suppose 1974*p - 2018*p = -91388. Calculate the greatest common factor of p and 737.
67
Suppose 3*k + 321 = 3*n, -5*n - 3*k + 17 = -494. Suppose 3*o + 25 = q - 128, 3*o = 5*q - 777. What is the highest common factor of q and n?
52
Suppose -2*g = -5*j - 6*g + 17, 0 = 3*j + 4*g - 15. Let f be (-3)/9*j*0. Suppose -3*q + 98 + 70 = f. Calculate the highest common factor of q and 14.
14
Suppose 253 - 249 = c. Let f(b) = b**3 - 3*b**2 - 2*b - 8. Let h be f(c). Suppose -u + 38 - 12 = h. What is the greatest common divisor of u and 13?
13
Suppose -10 = -m - m. Let s(l) = 20*l**2 + 27*l - 8*l**2 - 2*l**2 - 157 - 4*l**2 - 7*l**2. Let n be s(14). Calculate the greatest common divisor of n and m.
5
Suppose -37*v - 599 = -2079. Calculate the greatest common divisor of 1570 and v.
10
Suppose -1002*h = -180*h - 5754. Let z(u) = 11*u**2 + 2*u - 2. Let y be z(-3). Calculate the highest common factor of y and h.
7
Suppose 5*i - 884*z = -888*z + 35, -4*i + 28 = 3*z. Calculate the greatest common factor of 22988 and i.
7
Let w(g) = -g**3 + 11*g**2 + 12*g + 4. Let t be w(12). Calculate the greatest common divisor of 79 and t.
1
Let x = -48 + 52. Suppose x*v - 81 = 139. Calculate the greatest common divisor of v and 275.
55
Let d(n) = n**3 + 33*n**2 + 64*n + 63. Let v be d(-31). Let z(k) = 1020*k**3 + k**2 - 6*k + 5. Let h be z(v). What is the highest common factor of h and 20?
20
Let h be (-3231)/(-45) - ((-37)/(-185))/((-2)/(-8)). What is the greatest common factor of h and 8?
1
Suppose -29*v + 25 = -27*v + 5*m, -v - 4*m = -20. Suppose -3*z + 645 = 5*h - v*z, -h + 107 = 5*z. Calculate the highest common factor of h and 44.
44
Suppose -7*x + 10*x - 2560 = -5*u, -4*u + 2011 = -5*x. Let y = u - 488. Calculate the highest common factor of y and 14.
7
Let i(t) = -113 + 17 - 25 - 82 + 46*t + 43. Let r be i(4). Suppose 2*m - 2*s = -3*s + 15, 42 = 5*m + 4*s. What is the highest common divisor of m and r?
6
Suppose -3*m = -0*m + 4*i - 140, 4*i + 4 = 0. Let u be (-36)/(-14)*(-112)/(-24). What is the highest common divisor of u and m?
12
Suppose -44*a + 60480 = -30*a. Suppose 11*m + 13*m = a. What is the greatest common divisor of 20 and m?
20
Suppose -2*x + 5*n = -2902, 0 = -5*x - 440*n + 439*n + 7282. Calculate the highest common factor of x and 26.
26
Let x(z) = 46*z + 16. Let r be x(2). Let a be 18/15*-5 - -30. What is the highest common divisor of a and r?
12
Suppose -2*o = -1439 + 639. Suppose -2*w = 4 + 4. Let c be (-3 + (-17)/w)*40. What is the highest common divisor of c and o?
50
Let n = -204 - -254. Suppose 500 = 4*r - 4*v, -5*r + 146 = -2*v - 479. What is the greatest common factor of n and r?
25
Let b(j) = 15*j + 561. Let c be b(4). What is the highest common divisor of c and 270?
27
Suppose -4*d + 3*o - 2*o = -1711, -4*d - 5*o = -1741. Let r = -22 - -61. Calculate the highest common factor of d and r.
39
Suppose 15*i + 204 = -111. Let t = 157 + i. What is the greatest common divisor of t and 17?
17
Suppose -14820 = 7*j - 27742. Calculate the highest common factor of j and 104.
26
Let x be (-6)/2*(-10)/6. Let d be 5*(-6)/(-10) - 4 - -3. Suppose 3*f = 4*y - 11, 2*y + d*f + 6 = 4*y. What is the highest common divisor of y and x?
1
Let v(f) = -f**3 - 10*f**2 - 21*f + 47. Let c be v(-5). Suppose 0*z - 2*z + q + 3614 = 0, 4*z + 2*q - 7244 = 0. Calculate the greatest common factor of z and c.
27
Let p = 3146 + -2166. Suppose -v + 182 = d + d, p = 5*v - 4*d. Suppose 0 = -10*b + 17*b - 168. What is the highest common divisor of b and v?
24
Let q(j) = -65*j**3 + 2*j**2 + 28*j + 25. Let o be q(-1). Calculate the highest common factor of 1152 and o.
64
Let b be -4 + (-17 + 11)*